, -k = 4*u - 134. What is the highest common factor of 14 and k?
14
Let i be -88 + (0/(-2))/(-2). Let j = 147 - 5. Let h = j + i. Calculate the greatest common divisor of 9 and h.
9
Let t(j) = j**3 - 9*j**2 + 2*j - 9. Suppose 0 = -0*m + m - 9. Suppose -x + 2*x = m. Let c be t(x). Calculate the greatest common factor of 45 and c.
9
Let k(d) = d**2 - 14*d + 16. Let r be k(13). Calculate the highest common divisor of 1 and r.
1
Let d(y) = 4*y**2 - 10*y - 28. Let f be d(-6). Calculate the highest common factor of f and 11.
11
Let c(o) = o**2 + 3*o - 12. Let s be c(-7). Let q = 5 + -2. Suppose -19 = -5*t - m, 9 = t - q*m - 2*m. Calculate the highest common factor of t and s.
4
Let y be 135/10 + (-1)/2. Suppose 0 = -4*j + 19 + y. What is the greatest common divisor of j and 12?
4
Let s be -3 + 2 - 1*-13. Suppose 0 = 3*q + 2*q. Suppose -6*v + 2*v + 480 = q. What is the greatest common divisor of v and s?
12
Let a(j) = j**3 - 7*j**2 + 7*j + 5. Let i be a(6). Let d(z) = -z**3 - z**2 + z + 11. Let q be d(0). Calculate the greatest common divisor of i and q.
11
Suppose 5*c = c + 20. Suppose -c*d - 72 = -8*d. Calculate the greatest common divisor of d and 16.
8
Suppose 2*h = -1 + 17. What is the highest common factor of h and 40?
8
Let z(h) = h**3 - h**2 + 2*h + 36. Let o be z(0). Calculate the highest common divisor of o and 9.
9
Let i = -151 + 160. What is the greatest common divisor of 2 and i?
1
Let m = 10 + -2. Let s be ((-18)/(-4))/(4/m). Calculate the highest common factor of 1 and s.
1
Suppose -u - 3*u - p = -76, 3*u - 66 = -3*p. Let m be (2/6)/(2/18). Let a be -45*(3/m)/(-1). What is the highest common factor of u and a?
9
Let v(l) = l + l**2 + l + 4 + l**2. Let n = 3 - 0. Let f be v(n). Calculate the highest common factor of f and 70.
14
Let a = 31 + -7. Suppose 0 = 4*v + 2*q - 24, -3*v + 2*q = -35 + 3. Calculate the greatest common divisor of a and v.
8
Suppose 4*o - 2*d - 56 = 2*o, 5*d = 15. What is the greatest common divisor of 217 and o?
31
Suppose 4*p - 5*p + 37 = 3*f, 2*p + 3*f = 62. Let l = -407 + 582. What is the greatest common divisor of p and l?
25
Let j be 132/(-21) - (-2)/7. Let z be j/(-15) + 346/10. Let b = z - 16. Calculate the greatest common factor of 76 and b.
19
Let g(i) = 62*i + 8. Let t(l) = -21*l - 3. Let w(n) = -5*g(n) - 14*t(n). Let k be w(-2). Calculate the highest common factor of 85 and k.
17
Suppose 4*x = -16 + 44. Let j(t) = 2*t + 8. Let g be j(x). Suppose -2*q - 3*q + 55 = 0. What is the greatest common factor of q and g?
11
Let v(o) = -3 + o + 0 - 1. Let x be v(7). Suppose x*y - 172 = 20. What is the highest common divisor of y and 8?
8
Suppose w - 7 + 1 = 0. Let z = 35 + -49. Let v be (-4)/z - 52/(-14). Calculate the greatest common divisor of v and w.
2
Suppose -4*p - 1 = -29. What is the greatest common divisor of p and 7?
7
Let s(o) = o**3 + 36. Let f be s(0). Let d = -6 + f. Calculate the greatest common divisor of d and 6.
6
Let m(z) be the third derivative of z**6/120 + z**5/60 - z**4/24 + 9*z**3/2 + 2*z**2. Let a be m(0). Calculate the highest common factor of 9 and a.
9
Let h be (-2)/4 - (-402)/4. What is the greatest common factor of h and 25?
25
Let k be (1/3 + 1)*18. Let u = 6 + 0. Calculate the highest common divisor of u and k.
6
Let v be -1*(-6)/(4/2). Calculate the highest common divisor of v and 27.
3
Suppose -3*o = 2*o - 695. Suppose -5*a = -389 + o. What is the greatest common factor of 5 and a?
5
Let x(n) = n**2 - 4*n + 4. Let q be x(4). Suppose -30 = -5*o + 50. Suppose -3*d = q - o. What is the highest common factor of 40 and d?
4
Let g = -1 + -1. Let u = g - -2. Suppose u = -5*s + 284 + 116. Calculate the highest common factor of s and 16.
16
Suppose -6*f + 8 = 2. Calculate the greatest common divisor of f and 17.
1
Suppose -3*c + 190 + 98 = 0. Calculate the greatest common factor of c and 4.
4
Suppose -2*g - 15 + 27 = 0. Calculate the highest common divisor of g and 42.
6
Let n(a) = 2*a**2 + 5*a - 3. Let m be (1 + 2)*25/(-15). Let x be n(m). Calculate the highest common divisor of 55 and x.
11
Let c be 0/(3/(9/(-6))). Suppose y = -c*y + 1. Let f be -1 - (-19 + 3 - y). What is the greatest common divisor of 40 and f?
8
Let k be 7 - (-1)/(4/8). What is the greatest common factor of k and 36?
9
Let t(q) = q**2 - 12*q - 54. Let g be t(16). What is the highest common divisor of 4 and g?
2
Suppose -2*q + v = -q - 197, 0 = -4*q + 2*v + 778. Suppose 3*z + q = 6*z. Let t = 78 + -62. What is the highest common factor of z and t?
16
Let h be 16 + 0 + -3 + 3. Let n = h - 3. Suppose x - 3*v = 54 + 26, -v + 190 = 3*x. Calculate the highest common divisor of n and x.
13
Suppose -3*j + 14 = -0*j - m, -5*j + 14 = 3*m. Suppose -f - 200 = j*f. Let w be (-2)/(-5) + (-384)/f. Calculate the highest common divisor of w and 25.
5
Let m(g) = -11*g**3 + g**2 - 2*g + 1. Let u be m(1). Let a = u - -17. What is the highest common divisor of 15 and a?
3
Let i = 85 - 67. What is the greatest common factor of 9 and i?
9
Let d = 22 + -18. Suppose -4*r = -6 - 2, -r - 34 = -d*z. What is the highest common divisor of z and 18?
9
Let i(c) = c - 3. Let j be i(6). Let g = 16 - j. What is the highest common divisor of g and 130?
13
Let x(r) = r**2 - 5*r + 22. Let s be x(7). Let c be 2*9/4*2. What is the highest common divisor of c and s?
9
Let g be (24/(-10))/((-6)/(-30)). Let m be 2/g + (-220)/(-24). What is the highest common factor of m and 9?
9
Let x(t) = t**2 - t + 2. Let q be x(2). Suppose 0 = 3*z + d - 19, -3*z + 23 = 4*d + 1. Let r = q + z. Calculate the greatest common factor of r and 30.
10
Let c be -2*(2/(-4) - 1). Let q be (-2)/c + (-29)/(-3). Suppose o - 37 = -g - 3*g, -2*g = 2*o - 20. What is the greatest common divisor of g and q?
9
Let j(d) = -d - 6. Let m(r) = 7*r + 1. Let f be m(-1). Let k be j(f). Suppose k*g - 4*g = -72. Calculate the highest common factor of g and 72.
18
Let s(h) be the first derivative of -47*h**4/4 + h**3/3 - h**2/2 - h + 2. Let o be s(-1). Suppose 3*u = -u + o. Calculate the greatest common factor of u and 6.
6
Suppose -2*n = -4*w + 4, 0*w + 5*n - 5 = 5*w. Suppose g + 1 = -0*g. Let a be (g/2)/((-3)/72). Calculate the greatest common divisor of w and a.
3
Suppose 0*n + 2*n - 6 = 0. Suppose -2*v + 28 = -n*r, -r = 4*v + 4*r - 100. What is the greatest common factor of 30 and v?
10
Let j(c) = 3*c - 10. Let l(n) = -n**3 + 11*n**2 + n - 4. Let u be l(11). Let x be j(u). What is the greatest common factor of x and 33?
11
Let j be 4/(6090/2031 + -3). Let h be (-2)/13 + j/(-26). Let q = 13 + 0. What is the greatest common divisor of h and q?
13
Let c be 60 + (-4 - -3)*-3. Calculate the highest common factor of 9 and c.
9
Suppose 18 + 2 = 5*t. Let u be 57/t + 4/(-16). Calculate the greatest common divisor of 112 and u.
14
Let b be 0/1 - (-84 + -1). Suppose 24 = 2*j - 4*p - 28, -5*p = -2*j + 48. Calculate the greatest common factor of j and b.
17
Let v be (3*-3)/(1/(-18)). Suppose 0 = 2*d - 4*d. Suppose 2*l + d*l - 36 = 0. Calculate the greatest common divisor of v and l.
18
Let f be 2*(0 - 17/(-2)). Let d be -10 - (18/27)/(2/3). Let x = d + f. What is the greatest common factor of x and 3?
3
Let s be 3/((-24)/14)*-8. Let o = 5 - 3. Suppose 0 = -2*i + 5*x + 153, -3*i - 5*x + 435 = o*i. Calculate the highest common factor of s and i.
14
Let z = 7 - -7. Calculate the greatest common divisor of 98 and z.
14
Let w(m) = -5*m - 2. Suppose 0 = 2*h - h + 2. Let t be w(h). Let r be (-1 - 0)*(-4)/4. What is the greatest common divisor of t and r?
1
Let f = 172 - 117. What is the greatest common divisor of 11 and f?
11
Suppose 5*b = 53 + 2. Let g(h) = -h**3 + 2*h + 2. Let o be g(-1). Calculate the greatest common divisor of o and b.
1
Suppose 0 = 4*r - 43 - 21. Calculate the greatest common divisor of 8 and r.
8
Suppose 41 = 4*z - 5*y - 104, -y + 203 = 5*z. Calculate the highest common factor of z and 200.
40
Let g(f) = -13*f + 1. Let k be g(-4). Let c = -18 + k. Calculate the highest common factor of 5 and c.
5
Let c(s) = 11*s**2 + 4*s - 6. Let y be c(2). Calculate the greatest common factor of 23 and y.
23
Let y(g) = 7*g + 11. Let x(c) = -13*c - 21. Let q(l) = 6*x(l) + 11*y(l). Let r be q(-10). What is the highest common divisor of 1 and r?
1
Suppose 2 = -4*i - 2*w, 2*i + 28 = 6*i - 4*w. Let d = 4 + i. W